x be (33/6)/(1/2). Let y be x/3 - 2/3. Let s(k) = k**2 + 5*k + 1. Let b(i) = y*s(i) - 2*d(i). Determine b(-5).
1
Suppose 12 = 111*h - 108*h. Let m(f) = 2*f**2 + 3*f + 3. Let a be m(-2). Let c(y) = -y + h + a - 9 + 6. What is c(0)?
6
Suppose -5*b - x = -154, -3*b + 47 = -x - 39. Let j(o) = -o**3 - 5*o**2 - o. Let w be j(-5). Let f(n) = 32*n - 63*n + b*n - w. Give f(0).
-5
Let z(w) = w**2 - 7*w + 4. Suppose -4*a - n = -13, -a - 3*n = -5*n - 10. Suppose -i = -k + 7, -a*k - i + 23 = -0*k. Calculate z(k).
-2
Suppose 7*q = 5*q + x + 35, -2*q + 2*x + 38 = 0. Let c(l) = -l**3 + 16*l**2 + l - 10. Calculate c(q).
6
Suppose -9*g + 5*g = -24. Suppose 4 = g*m - 14. Let y(o) = 2*o**2 - 3*o - 4. What is y(m)?
5
Let a(v) = -v**3 + 6*v**2 + 8*v - 2. Let p be 135/18 + (-2)/4. Give a(p).
5
Let b(u) = 2*u**2 - 2*u - 3. Let h = 44 + -25. Let j be ((-8)/(-6))/(5/(-60)). Let q = h + j. Give b(q).
9
Let t(f) be the third derivative of f**5/60 + f**4/24 + f**3/6 + 4*f**2. Let i(w) = -31*w + 6 - 31*w + 68*w + 4*w**2. Let m(a) = i(a) - 5*t(a). Give m(4).
-11
Let u(n) = -n**2 + n + 1. Let k = -292 + 290. What is u(k)?
-5
Let r(b) = 22*b + 14. Let v(k) = -15*k - 9. Let y(j) = -5*r(j) - 7*v(j). Let q(w) = -5*w - 6. Let c(u) = 7*q(u) - 6*y(u). What is c(1)?
-5
Let d(k) = -k - 1 + k**3 + 3*k**2 - 3*k + 4*k. Let y = 78 + -81. What is d(y)?
-1
Suppose -2*g + 0*g = -8. Let y(j) = -g*j + 0*j + 4*j + 3*j - 1. Let z be (5/(-15))/(1/(-6)). Determine y(z).
5
Let s = 471 + -471. Let p(v) = -v**3 + v**2 + 48. What is p(s)?
48
Let c(i) = -11*i**2 - 37*i - 10. Let s(l) = 5*l**2 + 18*l + 5. Let k(y) = 4*c(y) + 9*s(y). What is k(-12)?
-19
Let q(k) be the third derivative of -k**2 + 4/3*k**3 + 0 + 1/40*k**5 + 1/8*k**4 - 1/180*k**6 + 0*k. Let y(h) be the first derivative of q(h). Give y(3).
-6
Let c(g) = 6*g**2 + 3*g. Let m(t) = 9*t**2 + 4*t. Let r(l) = 7*c(l) - 5*m(l). Suppose -21 = z - 22. Determine r(z).
-2
Let k(p) = -5 + 0*p**3 + 3*p**2 + 2*p**2 + p**3 + 4*p. Suppose -z + 3*d + 14 = 1, d + 2 = 0. Let v be (-21)/z - (1 - 0). Determine k(v).
-5
Let v(l) = -l**3 - 4*l**2 - 2*l - 2. Suppose -47*c = -5*c + 126. Calculate v(c).
-5
Suppose 0 = -3*w + 38 - 50. Let g be (w/(-8))/((-4)/16). Let j(s) = 11*s. Give j(g).
-22
Let g(c) = -c**2 - 8*c - 2. Let x = 3 + -11. Let w be g(x). Let b(t) = -4*t + 3. Let m(s) = 21*s - 16. Let n(k) = 11*b(k) + 2*m(k). What is n(w)?
5
Let s(t) be the second derivative of t**5/10 - 5*t**4/6 + t**3/2 - 3*t**2/2 - 105*t. What is s(5)?
12
Let f be 0 - (4 - 0 - 6). Let u = -1 + f. Let j(r) = 9*r + 1. Determine j(u).
10
Let g(k) = 4*k + 3. Let m be g(-3). Let y = m + 13. Let q(p) = p**3 + 5*p - 2. Let v(f) = -2*f**3 - f**2 - 11*f + 5. Let s(w) = 9*q(w) + 4*v(w). What is s(y)?
6
Let l(z) = 10*z - 4. Let f(s) = 27*s - 12. Let q(c) = -3*f(c) + 8*l(c). Determine q(5).
-1
Let t(i) = i**2 - 11*i - 3. Let r(c) = c - 1. Let q(j) = 6*r(j) + t(j). Suppose 91 + 269 = -12*k. Let l = -23 - k. What is q(l)?
5
Let i(u) = 3 - u - 2*u + 2. Let b = -31 - -35. Calculate i(b).
-7
Let v(j) = j**3 - 4*j - 2*j - 5*j + 15*j + 4 - 7*j. Determine v(-3).
-14
Let v(j) = -3*j. Let f(u) = -3*u - 2. Let q(a) = -2*f(a) + 3*v(a). Let z = 0 + 3. Determine q(z).
-5
Let f(b) = b**2 + b - 4 + 0 + 3*b**3 - 2*b**3. Let v be f(0). Let y(n) be the second derivative of n**4/6 + n**3 + n**2 - 589*n. Calculate y(v).
10
Let h(n) = -n**3 + 5*n**2 + 7*n - 1. Let l(x) = -x**3 - 20*x**2 - 39*x - 48. Let f be l(-18). Give h(f).
5
Let k(g) = 3*g**2 + 1. Let q(n) = -2*n**3 - 23*n**2 + 10*n - 26. Let x be q(-12). Calculate k(x).
13
Let j(c) = c**3 - 7*c**2 + 6*c - 1. Let i be (-6)/(-9)*90/(-12). Suppose -2*g + 11 = -g. Let r = g + i. Give j(r).
-1
Let h(g) = -g - 3 + 4 + 0*g. Let i(p) = -3*p**2 - 4*p**2 + 5*p + 1 + 4 + p**3. Let f be i(6). Determine h(f).
2
Let g(b) = 12*b + 25. Let r(o) = 5*o + 11. Let k(t) = 3*g(t) - 7*r(t). Suppose 0 = -s - 1, -5*v - 5*s + 6 = 36. Give k(v).
-7
Let f(x) = x**2 + 50*x + 180. Let u be f(-46). Let r(i) = 6*i + 27. Determine r(u).
3
Let q = 23 - 6. Let g = q + -13. Let x(b) = b**2 - b + 3. Let i(d) = 2*d**2 - d + 6. Let u(s) = g*i(s) - 7*x(s). Calculate u(-2).
1
Let d(a) = 5*a**2 + 1. Let u(t) = -25*t**2 - t. Let f(l) = -3*d(l) - u(l). Determine f(-2).
35
Let f(o) = 2*o**2 + 3*o + 6. Let s(d) = -2*d**2 - 4*d - 5. Let j(l) = -2*f(l) - 3*s(l). What is j(-3)?
3
Let t be 24/10*35/14. Let m(u) = -4*u - 6. Give m(t).
-30
Let b(c) be the third derivative of 1/60*c**5 + c**2 + 0 + 5/24*c**4 - 1/3*c**3 + 0*c. Let p = 897 + -902. Calculate b(p).
-2
Suppose -3*n = -3*i, 3*i - i + 3 = -n. Let y(h) = -10*h + 3 - 2 + 0. Give y(i).
11
Let p be (-5)/1 + (-3 - -16) + -5. Let h(q) be the third derivative of 1/6*q**4 + 0 + 0*q + p*q**2 - 1/60*q**5 - 7/6*q**3. Give h(5).
-12
Suppose 5 = 2*k - 1. Let c(n) be the first derivative of -18 + 1/2*n**2 - 7*n. Give c(k).
-4
Let c(q) = q**3 - 23*q**2 + 42*q + 4. Let p be c(21). Let u(g) be the second derivative of -g**4/12 + 2*g**3/3 - 3*g**2/2 - 3*g. Calculate u(p).
-3
Let j(r) = -9 + 10*r - 4 + 9 - 3*r**2. Let p(o) = 2*o**2 - 9*o + 5. Let w(a) = -3*j(a) - 4*p(a). Determine w(-6).
-8
Let c(x) = -2*x. Let k(v) = -v**2 + 14*v + 5. Let r be k(14). Suppose 4*s + 8 = 0, 3*s - r - 5 = 4*b. Give c(b).
8
Suppose -60 = -19*i + 14*i. Let t(s) = -4 + i - 4 + 4*s. What is t(4)?
20
Let v = 32 - 49. Let z = -12 - v. Let u(i) = -i + 5. Give u(z).
0
Let j be (-4)/8 - 22/(-4). Suppose -3*y + 4*y - 2 = 0, 2*y = j*m - 16. Let p(h) = -2*h - 4 + 0*h**3 + h**3 + h - 4*h**2. What is p(m)?
-8
Let u(f) = 5 - 3*f**2 - 2*f**2 - 3*f**3 + 4*f**3 - 2*f. Let i(x) = -19*x**3 + 2*x + 1. Let h be i(-1). Suppose 2*v = -8 + h. Calculate u(v).
-5
Let t(i) = i**2 - 13*i + 12. Suppose -5*r + 4*r = -13. Let x be t(r). Suppose 0 = 5*q - 7*q - x. Let p(l) = -l - 2. Determine p(q).
4
Let v(r) = -2 + 3*r + 1 - 3. Let y(k) = -64*k - 59. Let d be y(-1). Determine v(d).
11
Let s = 40 + 0. Let l = s - 15. Suppose 4 = -2*n, 5*b - n - 4*n = l. Let h(a) = -a. Calculate h(b).
-3
Let m(a) = 5*a**2. Let g be m(-1). Let w(z) = -4*z**3 + 7*z**2 + 8*z + 4. Let o(j) = 11*j**3 - 20*j**2 - 23*j - 13. Let p(h) = -3*o(h) - 8*w(h). Calculate p(g).
7
Let x(k) = 9*k + 35. Let h be x(-3). Let w(q) = q**2 - 11*q + 18. Give w(h).
-6
Suppose 2*v - 32 = -2*v. Suppose 2*a + 0*a = v. Let m(j) = -j**3 + 3*j**2 + 7*j - 5. Give m(a).
7
Let a = 1 + 1. Let y(g) = -65*g**3 - 7*g + 7*g + 67*g**3 - 2*g**2. Give y(a).
8
Let w(n) = -44 + 41 - 4*n + 3*n. Determine w(0).
-3
Let w be (980/(-21))/(-10) + 4/(-6). Let o(d) = -d**2 + 4*d + 5. Give o(w).
5
Suppose 2*a - 4*c - 7 + 1 = 0, 3*a = 4*c + 15. Suppose a*j + 12 = 12*j. Suppose 2*l + 5*v - 16 = 1, 0 = -j*l + 4*v + 20. Let d(x) = -x + 7. What is d(l)?
1
Let u = -69 - -71. Let k(f) = u*f - 9 + 9. Give k(1).
2
Suppose 112*w + 36 = 118*w. Let y(v) = -v**2 + 4*v + 5. Calculate y(w).
-7
Let y(r) = -1. Let h(l) = 6*l - 2. Let m(k) = -h(k) + y(k). Suppose -4*q + 7*q - 2 = p, -p + 2*q = 0. Calculate m(p).
-23
Let d(h) = -h**3 + 7*h**2 - 7*h - 4. Let m(u) = u**2 - 37*u - 464. Let r be m(-10). What is d(r)?
-10
Let q(v) be the second derivative of v**4/6 - v**3/3 - 5*v**2/2 + 23*v. Let a be q(2). Let z(s) = -2*s**2 + s + 1. Give z(a).
-2
Let t be ((-12)/(-28))/((-6)/(-42)). Let u(l) = 4*l + 343 - t*l**2 + 4*l**2 - 342. Calculate u(-4).
1
Suppose -189 = 2*t - 51. Let z = t + 71. Let c(w) = -7*w - 1. Determine c(z).
-15
Let n(s) = -2*s**3 + 25*s**2 - 9*s - 36. Let m be n(12). Let b(f) = f**3 + f - 17. What is b(m)?
-17
Let t(j) = -2*j**2 + 5*j + 3. Suppose -4*v = -a - 13, a - 3 = -5*v + 20. Give t(v).
-9
Let s(h) = -2*h**2 - 7*h + 1. Let q(g) = -3*g**2 - 7*g + 2. Let a(d) = 3*q(d) - 4*s(d). Calculate a(8).
-6
Let g(n) be the third derivative of n**5/60 + n**4/3 - n**3/3 + n**2. Let q = 6315 - 6323. Determine g(q).
-2
Let f(a) = 9*a**2 - 324*a + 14. Let i be f(36). Let t(d) = d. What is t(i)?
14
Let w(x) be the first derivative of x**3/3 + 5*x**2/2 - 4*x - 307. What is w(-5)?
-4
Let l(t) be the third derivative of -t**6/120 + 13*t**5/60 + t**4/12 - 25*t**3/6 - 107*t**2 + 3. Determine l(13).
1
Let l(g) = -g**3 - g**2 + 5*g + 1. Let t(p) = p - 6. Let d be t(3). What is l(d)?
4
Let o(k) = -29*k + 22*k + 40*k - 24*k + 3. Let a(n) = 4*n**2 + 2*n + 1. Let l be a(-1). Calculate o(l).
30
Let x(s) be the second der